Let y(o) = 17 - 21 - 2*o + 3*o + 13. Let l be y(-5). What is the units digit of b(l)?
7
Let u(m) = -8*m - 52. Let w be u(12). Let z = -67 - w. Suppose 11*t = 961 - z. What is the tens digit of t?
8
Let c = 17000 + -10394. What is the tens digit of c?
0
Let i be -305*2/(-4)*10. Let x = i + -954. What is the hundreds digit of x?
5
Suppose 2*k = -5*f - 6 - 1, 5*k - 8 = -4*f. Let l be (-14)/(-49) + 19/7. Suppose -l*t - k*g = -198, 5*t - 3*g - 66 = 4*t. What is the tens digit of t?
6
What is the hundreds digit of 67643/10 - 363/1210?
7
Let q = -316 - -136. Let u = q - -199. What is the tens digit of u?
1
Let a = 1237 + 8084. What is the tens digit of a?
2
Let t be (0 + 6)/(9/6). Suppose -917 = -2*i + m, -3*i + 2*m - 451 = -t*i. What is the hundreds digit of i?
4
What is the hundreds digit of (-1 + -3 + 48/9)*(-21765)/(-20)?
4
Let r(l) = -6*l + 2. Let q = 8 - 6. Suppose -q*o - 13 = -1. What is the units digit of r(o)?
8
Suppose 69*p = 98*p - 67077. What is the thousands digit of p?
2
Let a = 150 - 100. Suppose 0 = -57*p + a*p + 42. Suppose 124 = p*d - 206. What is the tens digit of d?
5
Suppose -327375 = 86*n - 1226849. What is the ten thousands digit of n?
1
Let i = -208 + 4349. What is the units digit of i?
1
Let s(q) = -q**3 + 7*q**2 + 4*q - 26. Let w be s(7). Suppose 2*g - w*m - 632 = 0, -3*m + 945 = 3*g - 5*m. What is the units digit of g?
3
Let b(r) = r**2 + 9*r + 17. Let u be b(-7). Let h(g) = 55*g**3 - 5*g**2 + 12*g + 2. What is the thousands digit of h(u)?
1
Suppose z - 4*s = -s - 3, 3*z + s = -39. What is the units digit of 262*(z/(-32))/(12/16)?
1
Let o = 127 + -127. Let w(f) = 16*f + 963. What is the units digit of w(o)?
3
Let v be -20*(-15 + 18 - (-6170)/4). What is the thousands digit of v/(-25) + (-18)/(-30)?
1
Suppose 196631 - 971693 = -25*h - 161*h. What is the thousands digit of h?
4
Suppose 0 = 3*r + 5*n + 10, -r + 0*r + 4*n = -25. Let c(d) = -2 - 3*d - r - 2*d**2 - 5*d - 3*d**2 + d**3. What is the units digit of c(7)?
5
Suppose 44*h = 41*h + 12. Suppose -2*r - i + 5 = -h, 0 = r + 4*i - 22. Suppose 7*u - 830 = r*u. What is the tens digit of u?
6
What is the hundreds digit of (-1872689)/(-35) - 192/480?
5
Let q(p) = -48*p**3 - p**2. Suppose 1 + 3 = 3*a - 5*t, 5*a = 4*t - 2. Let f be q(a). Suppose -7*u + 2*u = -f. What is the tens digit of u?
7
Let b(u) = -3*u - 55. Let o be b(-13). What is the tens digit of 1780/16 + -2 - (-4)/o?
0
Let x(f) = -44*f**3 + 5*f**2 + 17*f + 25. Let n be (-12)/30 + (-65)/25. What is the tens digit of x(n)?
0
What is the units digit of 2/((-53568)/(-2060) + -26)?
5
Suppose -2*u + 6*u = 8. Let s be ((-12)/8)/(u/(-8)) - 0. What is the tens digit of 29*4/8*s?
8
Let t be (7 - (-555)/(-25))/((-2)/10). Let v = t + -86. Let d = v - -31. What is the tens digit of d?
2
Let m be 3*38 - (-24 - (-140)/7). Let a be -1*(1*-18 - -2). Suppose -3*n + b = -221, -2*n - 2*b + m + a = 0. What is the tens digit of n?
7
What is the tens digit of 31193*(-1 + ((-30)/(-6) - (-3 - -6)))?
9
Let v(i) = -i. Let c(r) = -3*r + 422. Let m(n) = c(n) - 2*v(n). What is the units digit of m(0)?
2
Let s be -3*((-13)/6)/((-6)/(-12)). Suppose 5*b + 385 = -5*f, -2*b - 140 - s = 3*f. Let y = b - -127. What is the tens digit of y?
4
Let r(v) = v**3 + 4*v**2 - 5*v - 6. Let o be r(-5). Let h = -54 - o. Let l = h + 96. What is the tens digit of l?
4
Suppose -150*d + 11669967 = 7*d. What is the tens digit of d?
3
Let u(k) = 161*k - 12. Suppose -5*p = -o - 0 - 11, -5*o - 13 = -4*p. What is the tens digit of u(p)?
1
Let a(w) be the first derivative of -w**3/3 + 29*w**2/2 + 29*w - 4. Let z be a(12). Let r = z - 33. What is the tens digit of r?
0
Suppose 0 = -3*n - 3*u + 5112, 0 = 4*n - 3*n - 3*u - 1688. Suppose -r - 422 = -2*i, i = 4*r - 3*i + n. What is the units digit of (-4)/10 - r/20?
1
Suppose 0 = -5*l + 3*f + 17054, -3450 = -l - f - 4*f. What is the hundreds digit of l?
4
Let p(t) = -2*t**2 + 388*t + 331. What is the hundreds digit of p(53)?
2
What is the thousands digit of 20/(-110) - 0 - 1346850/(-55)?
4
Let v = 196 + -153. Suppose -v*u + 45*u - 28 = 0. Suppose -772 = -18*z + u*z. What is the tens digit of z?
9
What is the units digit of (-16370)/54*(7 - 1)*-9?
0
Let a = -30 - -35. Suppose 0 = -2*i - 4*s - 6, -2*i = -5*i + a*s + 35. Suppose -f + c + 39 = -0*f, i*f - 3*c = 185. What is the units digit of f?
4
Let f be (-628)/5*((-10)/4 + 0). Let n = -85 + f. What is the hundreds digit of n?
2
Suppose 124*j - 46062 = -16922. What is the tens digit of j?
3
Let k(z) be the first derivative of z**3/3 - 17*z**2/2 - 14*z - 14. Let w be k(18). Suppose -6 = w*u - 50. What is the tens digit of u?
1
Suppose 5*g = q + 24, 0 = -2*q + 5 - 3. Suppose w = 2*n - g, 15 = 3*w + 2*n + 2*n. What is the hundreds digit of 1104/9 - w/(-3)?
1
Let z(w) = 2*w**3 - 4*w**2 - 2*w + 12. Let y be z(4). Let m(s) = 7 + 45*s**2 - y*s**2 - 3*s + 31*s**2. What is the units digit of m(-3)?
8
Let d(h) = -51*h + 86*h + 90*h**3 - 37*h - h**2 + 2. Let n = -1 + 2. What is the tens digit of d(n)?
8
Let n be (-2 + 4)/(4*1/294). What is the tens digit of -1*n/2*(-24)/18?
9
Let r be ((-2041)/(-39))/(1/3 - 0). Suppose 5584 = 165*u - r*u. What is the units digit of u?
8
Suppose 7*g - 12*g - 15665 = -v, 2*g = 0. What is the tens digit of v?
6
Let a(x) = -x**3 - 11*x**2 - 8*x - 5. Let d be a(-11). Suppose -86*m = -d*m. What is the units digit of m - (-81 + -1)*(4 - 2)?
4
Suppose 0*c - 2*c = -5*z - 17590, -4*c + 35180 = 3*z. What is the hundreds digit of c?
7
Suppose 5*h + z + 149 = h, -4*h - 5*z - 137 = 0. Let m = -18 + h. What is the units digit of (m/32)/((-2)/8)?
7
Let x = -6789 + 14658. What is the hundreds digit of x?
8
Let h be 0 + 2/8 - (-36)/(-16). Let u(t) = t - 8. Let o be u(h). Let m(x) = -x**2 - 14*x - 38. What is the units digit of m(o)?
2
Let d(u) = 4*u**2 - 2*u + 1. Let m be d(2). Let z be (m/13)/((-2)/(-22)). Suppose -12 = t - 3*t + j, t = -2*j + z. What is the units digit of t?
7
Suppose 7*a = -20 - 1. Let p(c) = -7*c + 26. Let q(j) = 6*j - 27. Let w(k) = a*q(k) - 2*p(k). What is the units digit of w(3)?
7
Let x be (1 - 95/20)*924/(-1). Suppose 0*l = 21*l - x. What is the tens digit of l?
6
What is the hundreds digit of (90/270)/(2/87966)?
6
Suppose -2635*u + 65160 = -2623*u. What is the tens digit of u?
3
Suppose 0 = 5*m - 4*g + 1162, 1165 = -5*m - g + 6*g. Let c = m + 1299. What is the units digit of c?
9
Let i be (-12 + 6 - -16)*278/4. Let b = i - -154. What is the units digit of b?
9
Suppose -3*u - 4*p + 16 = 0, 3*u + 0*u + 20 = 5*p. Suppose -2*f + u = -8. Suppose f*b + 22 = 146. What is the tens digit of b?
3
Let f(w) = -3384*w - 1725. What is the thousands digit of f(-10)?
2
Let z = -72 + 76. Suppose -30 = o + 5*v - 218, 0 = z*v + 20. Let p = 317 - o. What is the tens digit of p?
0
Let t(m) = 749*m - 44. What is the units digit of t(15)?
1
Suppose 14*w + b = 10*w + 22148, -3*w + 16626 = -3*b. What is the tens digit of w?
3
Suppose m - 4*b - 164 = 551, 6*m - 3*b = 4395. What is the units digit of m?
5
What is the ten thousands digit of (-20129)/((-30)/21 + -1*(-3)/7)?
2
Let t = -2072 + 839. Let a = t - -1768. What is the hundreds digit of a?
5
Let z = 3546 - -2947. What is the tens digit of z?
9
Suppose 5*q + 14*q - 38 = 0. Let g(l) = 129*l**2 + 10*l. What is the hundreds digit of g(q)?
5
Suppose -g - 8*g + 34552 = 5*g. What is the thousands digit of g?
2
Let u be (-1 + -5)*2661/(-18). Suppose 5*j - u = 4*r - r, 2*j - 338 = -3*r. Suppose 5*d + j = 1015. What is the tens digit of d?
6
Let g be -3*9/((-54)/(-20)). Let t be g + 7 - 3/((-3)/10). Let i(s) = -s**3 + 11*s**2 - 9*s - 14. What is the hundreds digit of i(t)?
1
Let l(t) = -t**3 + 32*t**2 + 85*t + 73. What is the units digit of l(26)?
9
Let n be (-4 - -6)*(1 - 42/12). Let g = n - -542. What is the hundreds digit of g?
5
Let a = -332 + 92. Let i = a - -622. What is the hundreds digit of i?
3
Suppose -9 = -3*h, 3*c + 2*h - 4*h = 3. Let i = c + 3. Let z(v) = v**3 - 3*v**2 - 8*v + 2. What is the tens digit of z(i)?
6
Suppose -4*r + 3*t = -2*t + 2, 0 = r + t - 4. What is the units digit of (-1)/r - (182/(-4) + -1)?
6
Let c(b) = 10*b - 23. Let q be c(2). What is the tens digit of 1/(10/15)*(-778)/q?
8
Let w = 14492 - 2719. What is the ten thousands digit of w?
1
Let o(k) = -2*k**2 - 22*k + 19. Suppose 3*j + 10 = -10*m + 